t r(w) = -2*w**3 + 5*w + 5. Let m(x) = x**3 - 2*x - 2. Let u(f) = z*m(f) + 4*r(f). Calculate u(1).
2
Let t(s) = 2*s**2 - 2. Let h be t(-2). Let c(b) = -18*b + 5*b + 14*b - 1 - 3. Calculate c(h).
2
Let d(b) = b + 4. Let y = 27 - 30. Calculate d(y).
1
Let o(n) = -n - 1. Let j be o(3). Let y = j - -5. Let t(h) = 2*h - 1. Calculate t(y).
1
Let b = -1 - -6. Let w(p) = p**2 - 6*p + 3. Determine w(b).
-2
Suppose -3*g - 5*v + 2 = g, g - 5*v = -12. Let o(p) = -p**2 + 2*p - 1. Give o(g).
-9
Let k(c) = 3*c**2 - 8*c - 17. Let y(n) = -2*n**2 + 4*n + 9. Let q(b) = 3*k(b) + 5*y(b). What is q(-4)?
-6
Let z(g) be the third derivative of 0 + 0*g - 3/8*g**4 - 5*g**2 + 0*g**3. Give z(-1).
9
Let d be 3/5 + (-17)/(-5). Let l(n) = 4*n**3 - 2*n**2 + 7*n - 1. Let x(s) = -7*s**3 + 5*s**2 - 14*s + 3. Let t(y) = -5*l(y) - 3*x(y). Give t(d).
8
Let y(t) = -5*t - 1. Suppose 23 - 3 = 5*z. Suppose -20 = -z*h + 16. Let n be 1/2*(h + -11). Determine y(n).
4
Let t(r) = 2*r + 3*r - 4*r + 2 - 4*r. Determine t(5).
-13
Let o(w) be the third derivative of 0 - 1/24*w**4 - 1/2*w**3 + 4*w**2 + 0*w. What is o(4)?
-7
Let f = -24 - -18. Let n(g) = -g**2 - 2*g + 2. Let q(s) = -2*s**2 - 5*s + 5. Let r(t) = 7*n(t) - 4*q(t). What is r(f)?
-6
Let p(c) be the third derivative of -c**4/12 + c**3/3 + 31*c**2. Suppose 3*f - 15 = -0*f. Determine p(f).
-8
Let f(t) = -4*t**3 + 16*t**2 - 5*t - 5. Let b(l) = -l**3 + 5*l**2 - 2*l - 2. Let a(p) = -7*b(p) + 2*f(p). Suppose 5*w = -13 - 2. What is a(w)?
-8
Let b(d) be the first derivative of d**4/4 - 4*d**3/3 - 5*d**2/2 - 7*d - 8. Calculate b(5).
-7
Let f(v) = 0*v + v + v**2 - 1 - 5*v**2 + v**3. Let b be 3 + (1 - 4/4). What is f(b)?
-7
Let g(o) = 2*o**2 - 10*o**3 - 4 + 4*o + 11*o**3 + 3*o**2. Suppose u + 5*k = -0*u - 18, -5*u + 3*k - 6 = 0. Let l be u*(8/6)/1. Determine g(l).
-4
Let b be -4 - -1 - (-3)/(-9)*-3. Let p(h) = -2*h + 1. Determine p(b).
5
Let j be (-52)/(-20) - 4/(-10). Suppose -2*f + 3*r + 5 = j*f, f = -r + 1. Let y(b) = -b + 2*b**2 + b**3 + 0*b**3 + 7*b**3. Give y(f).
9
Let v be 3/(-4) + (-2)/8. Let a be (7 - 3) + (v - -1). Let l(q) be the third derivative of -q**5/60 + q**4/4 - 5*q**3/6 + q**2. What is l(a)?
3
Let c(s) = s**2 - 3*s - 2. Suppose z = -5*t - 1, -z + 22 = 4*z - 2*t. Determine c(z).
2
Let p(h) = 4*h**2 - 33*h + 7. Let i(n) = n**2 - 10*n + 2. Let g(r) = 10*i(r) - 3*p(r). Let w = -4 + 2. What is g(w)?
-7
Let s(i) = -i + 9. Let r(j) = 2*j**2 - 2. Let a(c) = c - 6. Let b be a(4). Let u be r(b). Let v be s(u). Let l(o) = -o**2 + o. Give l(v).
-6
Let h(q) = -2 + 1 - 2 + q**2. What is h(0)?
-3
Let o = 118 + -121. Let d(q) = -q**3 - 5*q**2 - 3*q. Give d(o).
-9
Let o(y) = 6*y - 3*y - 5*y**2 - y. Let i(x) be the third derivative of -x**5/15 + x**4/8 - x**3/6 - x**2. Let w(n) = 4*i(n) - 3*o(n). Determine w(5).
1
Let g(u) = u**3 + 2*u**2 - 10*u + 8. Let c(x) = -x**2 - x. Let l(j) = 3*c(j) - g(j). Give l(-6).
-14
Let m be ((-10)/4)/(1/(-2)). Suppose -2*y - 4*u = -16, -20 = -6*y + 3*y - 2*u. Let a(g) = -2*g**2 - m*g + 3*g - y + 8*g**2 - g**3 + 3*g. What is a(6)?
0
Let w(y) = -2 + 4*y + 1 - 3 + y**2 + 1. Give w(-4).
-3
Let u(f) = -f**3 + 2*f**2 - 2*f - 2. Let v(p) = p**2 + 3*p. Let z be v(-3). Suppose 4 = t - z. Suppose 8*o = t*o - 4*x - 12, 3*x = 4*o - 23. Calculate u(o).
-6
Let o be ((-2)/1)/(1/(28/(-8))). Let n(d) = -d**3 + 6*d**2 + 7*d + 3. What is n(o)?
3
Let r(w) = -w**3 - w**2 + 1. Let k(j) = -3*j**3 - 3*j**2 + 3*j + 2. Suppose 3*b + 4 = -b. Let y(p) = b*k(p) + 2*r(p). Determine y(-3).
-9
Let w(q) be the first derivative of -3*q + 3*q**2 - 2 - 1/3*q**3. Suppose f + 0 = 2. Determine w(f).
5
Suppose 0 = -2*v + 5 + 5. Let j(z) = -2*z**3 - 9*z**2 + 10*z + 2. Let r(i) = i**3 + i**2 - i - 1. Let s(n) = j(n) + 3*r(n). Determine s(v).
9
Suppose 7*s - 6*s - 6 = 0. Suppose -4*f + 2*n = s, 4 = 2*f - 3*f + n. Let i(w) = w**2 - w + 1. Give i(f).
1
Let l(a) = 1 - 3*a - 3 - a + 3*a. Let i = -10 + 3. Let w = -3 - i. Calculate l(w).
-6
Let f(y) = -y**2 + 5*y + 2. Let m be f(4). Let p(i) = -7*i**2 - 3 + m*i**2 - 2 + 6*i. Give p(6).
-5
Suppose 6*c = 4*c + 10. Let p(v) = 13*v - 12*v - 4 + c + 7*v**2 + 11*v**2. Calculate p(-1).
18
Let z be (-14)/(-8)*(-3 + -1). Let p(s) be the second derivative of -s**5/20 - 2*s**4/3 - 3*s**3/2 - 9*s**2/2 + 6*s - 6. Calculate p(z).
5
Suppose -4*n + 36 = 4*v, 4*n + 17 = 7*n + v. Let s(x) be the first derivative of -x**2/2 + x + 1. What is s(n)?
-3
Let d be (1 - 2)/((-1)/(-2)). Let h(z) = -5*z - 3. Calculate h(d).
7
Let l(r) = r**2 + 5*r + 6. Let k = -14 + 9. Let i be 4*(-1 + -1) + -1. Let p = i - k. Calculate l(p).
2
Suppose 3*i = 7*i - 32. Let q = 36 - i. Suppose 2*l - 4*k = 7*l + q, -l - 8 = 2*k. Let u(p) = -p - 3. Give u(l).
1
Let l(u) = -2*u**2 + u + 2. Suppose 5*j = -3*b + 32, 3 = -4*b - j + 23. Suppose b*c = 5*g + 7, 0 = 3*c - 0*g - 2*g. Determine l(c).
-8
Let x(q) = q + 2. Let i = -12 - -8. Determine x(i).
-2
Let y(j) = -8*j**2 - 29*j - 19. Let c(f) = -3*f**2 - 10*f - 6. Let o(p) = 11*c(p) - 4*y(p). Give o(7).
3
Let o(d) = -d**3 - 6*d**2 + d + 3. Let y = 13 + -9. Suppose 2*f - y = 2*n - 16, 0 = -3*f - 2*n - 18. Let q be o(f). Let r(l) = l**2 + 4*l + 3. Calculate r(q).
0
Suppose -f + o = 6, -o + 9 = -5*f - 1. Suppose 2*l = l + 1. Let v(d) = l + 6 - 8 - 2*d. Give v(f).
1
Let x(l) = -7*l**2 - l - 5. Let z(h) = -h**2 - 1. Let k(s) = x(s) - 6*z(s). Determine k(-3).
-5
Let d(p) = 2*p**2 - 12*p - 9. Let m(z) = -z**3 - 2*z**2 - 2*z - 1. Let y be m(-2). Let i(w) = w**2 - w. Let f(s) = y*i(s) - d(s). Determine f(-7).
-5
Let k(g) = -g**3 - 6*g**2 + 6*g - 1. Let z be k(-7). Let o(d) = d**2 + d + 1. Let t(w) = -7*w**2 - w. Let x(h) = 6*o(h) + t(h). Calculate x(z).
0
Let n(b) = -9*b**2 + 3*b**2 + 8*b - 10 + 3*b**2 + 2*b**2. Determine n(8).
-10
Let d(v) = v**2 + 5*v - 3. Let h = 1 - -4. Suppose f + h = -0. What is d(f)?
-3
Suppose 5*f = -5*b + 50, -5*f = 4*b - 9*b. Let v(u) = u - 4. Give v(f).
1
Let w(g) be the first derivative of -4 - 1/2*g**2 + g - 1/3*g**3. Determine w(-2).
-1
Let m(c) be the first derivative of -c**2 + c + 1. Give m(-2).
5
Let d(g) = g**3 - 2*g**2 + 4*g - 3. Let c(a) = a**3 + 4*a**2 - 3*a + 1. Let l be c(-5). Let w = l + 11. Calculate d(w).
5
Let w(l) = -l**2 - 5*l - 11. Let j(h) = 9 + 1 + 4*h + h**2 - h**2 + h**2. Let i(x) = -5*j(x) - 4*w(x). Let t = -1 + 1. Determine i(t).
-6
Let a(v) = v - 3*v + 4*v**3 - 2 + 1. Let t be ((-2)/(-4))/(3/(-6)). Let d be 2 + (t - -2)*-3. Give a(d).
-3
Suppose -4 = 4*d - 12. Let z(n) = d*n - 2 - n**2 + 3 - n**2 + n**2. What is z(4)?
-7
Let w(m) = 4*m**2 - m**2 + 2*m**3 - m**3 + 2*m. Let k be (2*(3 + -2))/(-1). Let z be 1/k*(9 + -5). Determine w(z).
0
Let x(z) = -z**3 + 5*z**2 - 6*z + 6. Suppose -2*v - 12 + 20 = 0. Calculate x(v).
-2
Let c(h) = -h**3 - 7*h**2 + 5*h - 1. Let n(v) = 6*v**3 + 36*v**2 - 25*v + 5. Let l = -6 + 4. Let q(r) = l*n(r) - 11*c(r). Give q(4).
-3
Let v be 39/(-33) + 4/22. Let o = v - 2. Let i(z) = z - 4. Determine i(o).
-7
Let l(o) be the third derivative of o**4/24 + o**3/6 - o**2. Let m be (2/(-4))/((-1)/10). Determine l(m).
6
Let j = -20 + 19. Let l(q) = -q**2 + q. Let x(b) = -b**3 - b**2 + b + 4. Let z(v) = j*x(v) - l(v). Determine z(-3).
-7
Let a be ((-3)/(-9))/(3/27). Let x(c) = c**2 - 1. Calculate x(a).
8
Let n(o) = -3*o**3 + 2*o**2 + 20*o + 38. Let l(w) = w**3 - w**2 - 7*w - 13. Let i(h) = -17*l(h) - 6*n(h). What is i(-5)?
-2
Let l(m) be the second derivative of -3*m**5/20 + m**4/6 - m**3/3 + m**2/2 - 7*m. Give l(1).
-2
Suppose y - 4 + 2 = 0. Let u(s) be the first derivative of 2 - s - 11/3*s**3 + s**y. Determine u(1).
-10
Let m(g) = 15*g + 10*g - 4 - 24*g. Calculate m(-3).
-7
Let x(u) = u**2 - u + 3. Let b(n) = n - 3. Let l(o) = -3*o + 8. Let d(p) = 8*b(p) + 3*l(p). Let w be d(0). Determine x(w).
3
Let q(m) = m**3 - 7*m**2 - 7*m - 4. Let v be q(8). Let c(d) be the first derivative of -2 + v*d - d - d + d**2. Calculate c(4).
10
Let a(i) = -i + 4. Let b(f) = -2. Let t(p) = 2*a(p) + 3*b(p). Determine t(2).
-2
Let n(u) = -u - 1. Let y = 13 + -7. Let k = y + -4. Let s be ((-6)/18)/(k/(-6)). What is n(s)?
-2
Suppose -q + 4*z = 4*q + 22, 5*z - 13 = -q. Let p(k) = -2*k**3 - 3*k - 3. Calculate p(q).
19
Let u(b) = 4*b + 7. Suppose -2*f = 5 + 5. Calculate u(f).
-13
Suppose 0*j = -3*j - 3, 0 = 4*n - j + 11. Let o(l) = l**3 + 3*l**2 - 4*l - 3. Calculate o(n).
9
Le